 when 946 is divided by c?
10
Let q = 9 + 0. Suppose 528 = -262*z + 266*z. Suppose 0 = 18*x - 22*x + z. Calculate the remainder when x is divided by q.
6
Let g = 9157 + -9141. Calculate the remainder when 1564 is divided by g.
12
Let p be (35 - 14)*1*-10. Let g = p + 233. Calculate the remainder when 273 is divided by g.
20
Let t(s) = 245*s - 1545. Let o(f) = -f**3 + 12*f**2 + 15*f + 9. What is the remainder when t(7) is divided by o(13)?
30
Let m = 34 - 16. Let v be (7 - m/3)*12/2. What is the remainder when 38 is divided by (-200)/30*(0 + (-9)/v)?
8
Let s = 3923 - 3896. What is the remainder when 4157 is divided by s?
26
Suppose 0 = -2*d + u + 11, 3 = -0*u - u. What is the remainder when 5/(-40)*-188*d is divided by 19?
18
Let a = -483 + 489. What is the remainder when 1366 is divided by a?
4
Let t(y) = -12*y - 47. Let n be t(-14). Let m = 145 - n. Calculate the remainder when 163 is divided by m.
19
Let y = -39 + 61. Suppose 0 = -2*q + 2 + y. Calculate the remainder when 2/(-11) + 466/22 is divided by q.
9
Suppose 10877 = 37*f - 140342. Calculate the remainder when f is divided by 28.
27
Let a(n) be the third derivative of -16*n**4/3 - 25*n**3/6 - 8*n**2 - 10. What is the remainder when a(-2) is divided by 60?
51
What is the remainder when 4599 is divided by (1 - -24) + (-14060)/(-19)?
9
Let m(k) = 2417*k**3 + k**2 - k - 3. Let t be m(-1). What is the remainder when 112 is divided by 8/(-14) - t/42?
55
Suppose 18*r - 45007 + 12319 = 0. Calculate the remainder when r is divided by 254.
38
Let s = -2931 + 2958. Let b(h) = h**3 - h**2 + 6. What is the remainder when s is divided by b(0)?
3
Let c(x) = 371*x + 1883. Calculate the remainder when 5123 is divided by c(-5).
27
Let g = -68 + 62. Let o(h) = -h**3 - 4*h**2 + 3*h - 6. Let b be o(g). Calculate the remainder when 648/b*-3*2/(-3) is divided by 10.
7
Let p(h) = -99*h**3 - h + 193*h**3 - 3*h**2 - 95*h**3. Let y = 104 + -66. What is the remainder when y is divided by p(-4)?
18
What is the remainder when 890 is divided by 4 - (5/(-1) - 1*456/19)?
32
Let m(k) = -42*k + k**2 + 42*k + 6. Let a be m(0). Let w(l) = -l**2 + 9*l - 14. What is the remainder when w(a) is divided by 3?
1
Suppose 5*u + 2*u = 217. Let o = -25 + u. Calculate the remainder when o/4*(-896)/(-12) is divided by 29.
25
Calculate the remainder when 2008/10 + 327/1635 is divided by 21.
12
Let v(s) = 6*s**3 + 24*s**2 - 17*s - 44. Let w = 413 + -274. Calculate the remainder when w is divided by v(-4).
19
Suppose 3 = 2*v - 5. Suppose o + 174 = v*o. Suppose 40 = 2*m - d + 9, -4 = -4*d. What is the remainder when o is divided by m?
10
Suppose 3*n - 8046 + 8319 = 4*n. Calculate the remainder when n is divided by 25.
23
Suppose 0 = 25*m - 5159 - 391. What is the remainder when 677 is divided by m?
11
Suppose 9267 = 4*n - 3*g - 4655, 0 = 2*n - 2*g - 6962. What is the remainder when n is divided by 116?
115
Suppose 2*z - 412 = -3*q, -3*z + 2*z - 3*q = -209. What is the remainder when 45 is divided by ((-58)/z)/(2/(-84))?
9
Suppose -i + 1 + 2 = -5*u, -5*u + 3*i = 9. Suppose 2*p + 1388 = 4*r - 2*p, -3*r + 4*p + 1038 = u. Calculate the remainder when r is divided by 89.
83
Suppose 0 = -2*z + 5*b + 717, 182*z + 4*b + 1072 = 185*z. What is the remainder when z is divided by 30?
26
Suppose -k - 38*s + 14 = -40*s, 2*k + 3*s = 35. What is the remainder when 421 is divided by k?
5
Let z = -38643 + 39139. What is the remainder when 2011 is divided by z?
27
Let b = 35769 - 34980. What is the remainder when b is divided by 460?
329
Suppose 21*a - 64 = 5*a. Suppose 4*w = -5*b + 120, 31*b = 34*b - a*w - 104. What is the remainder when b is divided by 16?
12
Suppose -l + 115 = 113. Let n(o) = -4*o + 11. What is the remainder when n(l) is divided by 1?
0
Suppose 233*k - 3*i + 205 = 234*k, 625 = 3*k + 4*i. Calculate the remainder when 744 is divided by k.
111
Suppose 0 = -12*f + 2*f + 160. Suppose -g - 46 = -4*o, 17*g - f*g = 2*o - 22. Calculate the remainder when 116 is divided by o.
8
Suppose 0 = -13*d + 7775 - 7138. Calculate the remainder when 341 is divided by d.
47
Let b(k) = -5 - 13 - 7 - k + 32. What is the remainder when 74 is divided by b(-18)?
24
Let b = 417 + -402. Let j = 147 - 59. Suppose 0*y - 2*y = -j. What is the remainder when y is divided by b?
14
Let v = -173 + 176. Suppose -26 = -2*l + 3*a, v*a + 40 = 3*l - a. Calculate the remainder when 173 is divided by l.
13
Let u(p) = -p. Let j be u(-4). Suppose 3*m + j*i = 21, -i + 12 = 5*m - 6. Suppose -m*w + w = -12. What is the remainder when 17 is divided by w?
5
Let p(f) = -22*f - 157. What is the remainder when (-8)/(-10) - (0 + (-4805)/25) is divided by p(-9)?
29
Let t(f) = 14*f**2 - 5*f - 9. Let l(m) be the first derivative of -m**3/3 - 7*m**2 - 5*m + 16. Calculate the remainder when t(3) is divided by l(-4).
32
Let g be (7/(-5) - -1)/(3/60). What is the remainder when (75/12)/((-2)/g) is divided by 650/70 + 6/(-21)?
7
Let f = -15502 + 15525. What is the remainder when 4690 is divided by f?
21
Suppose -2575 = 348*g - 14755. Calculate the remainder when 1194 is divided by g.
4
Suppose 63*o + 452 + 118 = 78*o. What is the remainder when 1229 is divided by o?
13
Let h(g) = g**2 + 3*g + 15. Let v be h(-6). Let x = -5 + v. Calculate the remainder when ((-1)/2)/(x/(-2184)) is divided by 14.
11
Let h = 80 - 32. Suppose 2*y = 8*y - h. Let m(i) = -4*i - 33. Calculate the remainder when m(-15) is divided by y.
3
Suppose -2850 = -11*z + 6*z. Let y be (-2)/11 - (z/(-22))/5. Suppose m + 2*k - 20 = 0, m = -m + 5*k - y. What is the remainder when 27 is divided by m?
7
Let m = -20 - -36. Suppose -24*b + 144 = -m*b. What is the remainder when 196 is divided by b?
16
Let q = 52 - 24. Suppose -5*p = 6*a - a - 140, -5*a - q = -p. Let z(t) = 2*t**2 - 104*t + 6. Calculate the remainder when p is divided by z(52).
4
Suppose -2592 - 9462 + 54228 = 71*g. What is the remainder when g is divided by 72?
18
Suppose -3*w - 93 = -5*q, 0*w - 3*q - 95 = 4*w. Let x be (24 + 0)/(39/w). Let m = -10 - x. Calculate the remainder when 46 is divided by m.
4
Let v(j) = 3*j**2 + 4*j - 28. Let t be v(-7). Let n = -195 + t. Let g = n - -148. What is the remainder when g is divided by 7?
2
Suppose -30 = -x + 145. Calculate the remainder when 3*(-2)/(-6) - (-10 - x) is divided by 44.
10
Suppose 2*f = -363 + 433. What is the remainder when 208 is divided by f?
33
Let h(z) = z**2 - z + 7. Let o be h(0). Suppose -j + o - 13 = 0. What is the remainder when 27 is divided by (-26)/j + 3 - (-2)/(-6)?
6
Suppose -2*i - 42*g = -37*g - 110, 0 = -2*i + g + 86. Suppose 42*r = 39*r + i. What is the remainder when 53 is divided by r?
8
Let t = 77 + 34. Suppose 0 = -6*h + 3*h + t. Suppose h + 29 = c. What is the remainder when c is divided by 17?
15
Suppose -7*c + 20 = -1. Let f = 6 - c. Suppose -f*z + 5*b + 31 = 0, 2*z - 32 = 5*b - 8. Calculate the remainder when 12 is divided by z.
5
Suppose 20 = -4*z - z, -2*h - 5*z = 0. Let c(j) = j**3 - 11*j**2 + 12*j + 9. Calculate the remainder when 55 is divided by c(h).
26
Let k = 46417 + -45856. Calculate the remainder when k is divided by 64.
49
Calculate the remainder when 614 is divided by (17 - (2 + -1))/(2262/(-145) - -16).
14
Let q = 72 + -51. Let l be ((-526)/(-3))/(7/q). Suppose 3*j = -i + l - 2, -885 = -5*j - 4*i. Calculate the remainder when j is divided by 25.
23
Let f = -92 - -160. Let g = -56 + f. What is the remainder when g is divided by 8?
4
Let w be 4*-2*2/(-8). Suppose -5*k - 472 = -4*l - k, 0 = w*l - 5*k - 224. Let f = -603 + 628. What is the remainder when l is divided by f?
22
Suppose -22 = 2*p - 3*n - 7, 2*p + n + 3 = 0. What is the remainder when -319*p/27 + (-12)/27 is divided by 20?
15
Let q(s) = 95*s**3 - 2*s**2 + s. Let r be q(1). Let u = -56 + r. Suppose -24 = -3*v + 3*t, 4*v - 3*t = -t + 42. Calculate the remainder when u is divided by v.
12
Suppose j + 2 = 0, j + 229 = -6*q + 5*q. Let b = -180 - q. Calculate the remainder when 84 is divided by b.
37
Suppose -3*b - 231 = -19*v + 22*v, -25 = 5*v. Suppose 0 = 4*l + 2*g - 5*g + 30, -3*l = 5*g + 8. What is the remainder when (-4800)/b - 2/l is divided by 24?
19
Suppose 1881 + 60 = 3*y. Let j be 4/(((-60)/25)/(-3)). Suppose -j*z + y = 242. Calculate the remainder when z is divided by 28.
25
Let o(u) = -134*u**3 - 2*u**2 - 2*u 